1 - 3. Let d be o/(2 + (-23)/11). Let b = -29 + d. What is the remainder when 44 is divided by b?
14
What is the remainder when 118 is divided by (32/(-15) - -2) + 724/30?
22
Suppose -3*s - 4 = f, 0*f = -f - 1. Let z = s + 9. Suppose 5*w - 107 = -3*k, 3*k = w + 8*k - 17. Calculate the remainder when w is divided by z.
6
Suppose 175 + 188 = 11*d. Calculate the remainder when 96 is divided by d.
30
Let w = 39 + -24. Let f be w/(-6)*42/(-15). What is the remainder when 32 is divided by 4 - f - (-1 - 13)?
10
Let q = -182 - -285. What is the remainder when q is divided by 13?
12
Let c = -32 + 53. Calculate the remainder when 22 is divided by 161/c + 1/3.
6
Let w(k) = -k**3 + 5*k**2 - 4*k + 3. Let f be w(4). Suppose -c + 4*g = 13, 5*c = -f*g + 65 - 15. Calculate the remainder when c is divided by 4.
3
Let i = 65 + -44. What is the remainder when (i/4)/(4/16) is divided by 8?
5
What is the remainder when (3 - 3) + 3 + 34 is divided by 20?
17
Let n be (5 + 1)*(-50)/4. Let p be (-2105)/20 + (-4)/(-16). Let h = n - p. What is the remainder when h is divided by 11?
8
Suppose -i + 418 = 4*f + i, 398 = 4*f - 2*i. Calculate the remainder when f is divided by 26.
24
Let h(c) = 8*c**2 + c + 1. What is the remainder when (-128)/(-6) - 6/18 is divided by h(-1)?
5
Let n(m) be the third derivative of 13*m**4/24 - 4*m**3/3 - 7*m**2. Calculate the remainder when n(5) is divided by 20.
17
Let d(t) = t**3 - 12*t**2 - 6*t - 5. Let q be d(12). Let g = -44 - q. What is the remainder when g is divided by 9?
6
Let y(f) = f - 1. Let r be y(2). Suppose r - 9 = -2*x. Suppose -g + 62 = x*c, -4*c + 64 + 6 = 5*g. What is the remainder when 58 is divided by c?
13
Let j = -6 + 5. What is the remainder when j + (2 - 3*-4) is divided by 7?
6
Let w = -3 - -25. Let s = w - 77. What is the remainder when ((-8)/10)/(2/s) is divided by 12?
10
What is the remainder when 6 + -3 - (2 + -10) is divided by 7?
4
Let b(g) = -4*g - 2. Let q be b(-2). Suppose -l - 75 = -q*l. Suppose -165 = -19*p - 13. What is the remainder when l is divided by p?
7
Calculate the remainder when 16 is divided by -1*(-1)/((-3)/(-9)).
1
Suppose -2*f + 4 = -f. Suppose 6*q + 15 = 11*q. Calculate the remainder when f is divided by q.
1
Let w = -14 - -40. Let a be (-1)/((-2)/8) - 5. Calculate the remainder when a*(-1 - (1 + w)) is divided by 15.
13
Let i = 227 + -178. Suppose -5*c = -54 - 71. What is the remainder when i is divided by c?
24
Suppose -1 = 3*h - b - 2, 0 = -2*b + 4. Let i be h/(-3) - (-4)/(-6). What is the remainder when i + 2 + 0 + 15 is divided by 9?
7
Let g = -5 + 14. Let x = -7 + g. Calculate the remainder when 5 is divided by x.
1
Let w = -57 + 124. Let v(q) = 5*q + 2. What is the remainder when w is divided by v(3)?
16
Let o be (-2)/3 - 80/15. Let i = o - -11. Suppose i*u - 47 = 4*m, 5*u - 2*m + 23 = 64. Calculate the remainder when u is divided by 3.
1
Let i(y) = -y**3 - 13*y**2 - 13*y - 5. What is the remainder when 18 is divided by i(-12)?
4
What is the remainder when 30/105 + 159/7 is divided by 13?
10
Let t(n) = 2*n**2 + 8*n - 7. Calculate the remainder when 22 is divided by t(-5).
1
Suppose 5*x = 4*z + 17, 0 = z + 5*x - 12 - 15. Suppose z*k + 2 = -8. What is the remainder when 29 is divided by ((-2)/k)/(5/125)?
9
Suppose 2*y + 2*z = 46, 0 = 2*y - 4*y - 4*z + 38. Suppose 5 + 23 = 2*r. Calculate the remainder when y is divided by r.
13
Let o = 54 + -30. Let l = o - 14. What is the remainder when l is divided by 4?
2
Suppose 5*z = -5*o - 5, -z - 2*o - 2 = 3. Suppose 0 = c - 3*g - 2, z*c - 3*g - 14 = 2*g. Calculate the remainder when 2/(-5) - 72/(-5) is divided by c.
6
Let y(v) = -2*v + 15. Calculate the remainder when y(-4) is divided by 13.
10
Suppose 0 = -2*s - 3*s. Let u(i) = i**3 + i**2 + i + 8. Let r = 29 - 0. What is the remainder when r is divided by u(s)?
5
Suppose -k - 16 = -4. Calculate the remainder when 176/6 + (-8)/k is divided by 16.
14
Suppose -4*v - 3*q + 395 = 0, 0*v + 3*q = -v + 92. Suppose 0 = 3*d + 1 + v. Calculate the remainder when (d/(-2))/(-4 - -5) is divided by 9.
8
Let k = 7 - 1. Suppose k*o - 40 = o. What is the remainder when 22 is divided by o?
6
Let t be 1 - (1 + 0) - 7. Let i(j) = 0*j**2 - 1 + j**2 + 6*j + 8. Calculate the remainder when 54 is divided by i(t).
12
Suppose 23 = -3*w + 4*w. Calculate the remainder when w is divided by 13.
10
Let r(l) = -l**2 + 8*l + 11. What is the remainder when 33 is divided by r(7)?
15
Let y be 92/28 - 2/7. Let d = y - 0. Calculate the remainder when 7 is divided by d.
1
Suppose 4 = j, 2*t - 2*j - j - 48 = 0. Calculate the remainder when t is divided by 11.
8
Let s(m) = -18*m - 39. What is the remainder when s(-5) is divided by 21?
9
Let r = -2 - -2. Suppose -2*x + 19 + 7 = r. Suppose -1 = -w + 37. Calculate the remainder when w is divided by x.
12
What is the remainder when 1 + (-3921)/(-21) - 22/(-77) is divided by 38?
36
Let h = 173 + -249. Let l = -38 - h. What is the remainder when l is divided by 13?
12
Let c = -91 + 144. Let s = 115 - c. Calculate the remainder when s is divided by 21.
20
Let s = 46 - 32. Suppose -s = -3*x + 4*y, -5*y - 6 = -2*y. Calculate the remainder when x is divided by 1.
0
Let k = -94 + 204. Calculate the remainder when k is divided by 39.
32
Let k = 56 + -40. What is the remainder when 47 is divided by k?
15
Let r = -4 - -9. Let z = 30 - 16. Suppose -4*s + 3*s + z = 0. What is the remainder when s is divided by r?
4
Let y be ((-5)/3)/((-6)/18). Suppose -3*m + 48 + 15 = -3*z, -2*m - y*z = -70. What is the remainder when m is divided by 14?
11
Suppose 0 = -2*s - 4*m + 8, -4*s + 3*m + 21 = -s. Calculate the remainder when 28 is divided by s.
4
Let p be (-1)/2*(0 + 16). Let w = 5 + p. Calculate the remainder when -9*w/9*1 is divided by 2.
1
Suppose -2*h + 2*x = 2*h, -2*h = 5*x. Let i(k) = -k**2 - 8*k + 2*k**2 + 21 + 9*k. What is the remainder when i(h) is divided by 11?
10
Let c(u) = -u + 4. Let y be c(-4). Let m(r) = 10*r + 10. Calculate the remainder when m(y) is divided by 23.
21
Suppose 0 = -0*d + 5*d - 55. Calculate the remainder when 43 is divided by d.
10
Let h(k) = 5*k - 27. What is the remainder when h(10) is divided by 12?
11
Suppose 4*x - 84 = -0*x. Calculate the remainder when 82 is divided by x.
19
Let r = 6 + -3. Suppose -2*k - r*k + 85 = 0. Let p = 119 - 87. Calculate the remainder when p is divided by k.
15
Let d = -6 + 8. Suppose -2*s + 34 = -0*s + d*o, -2*s = -4*o - 10. Let q = 67 - 18. Calculate the remainder when q is divided by s.
10
Let q(r) = -4*r + 5*r - 5*r**2 + 4*r**3 - 7 - 3*r**3 + 5*r. What is the remainder when q(5) is divided by (-2)/(-2) + 14 + -2?
10
Let s = -26 + 45. What is the remainder when s is divided by 4?
3
Let r(d) = -d**2 - 20*d + 14. What is the remainder when r(-15) is divided by 30?
29
Let r = 3 - -7. Suppose -16 = -2*m + 40. Calculate the remainder when m is divided by r.
8
Let m(v) = 2*v + 7. Let u be m(-6). Let x(r) = 3*r**2 + 4*r - 12. Calculate the remainder when x(u) is divided by 22.
21
Suppose 7*h = 65 + 82. What is the remainder when 58 is divided by h?
16
Suppose 4*l + 5*u - 38 = 0, 5*l - 4*u = 3*l + 32. Calculate the remainder when 46 is divided by l.
10
Suppose -h - 3 = -7. Let t(u) = u + 12. Let q be t(0). Suppose -5*v + j + q = -27, -3*j = 12. What is the remainder when v is divided by h?
3
Suppose -2*k + 8*z - 3*z = 32, -40 = 4*k - 4*z. Let c = 33 - k. What is the remainder when c is divided by 14?
11
Let i = -34 + 157. Suppose -6*s + 2*s + i = 5*r, 5*r + 136 = 3*s. Suppose 5*t = s + 78. Calculate the remainder when t is divided by 12.
11
Suppose 5*b - 12465 = -4*f, 0 = -0*b + 2*b - 3*f - 4986. What is the remainder when b/99 - 2/11 is divided by 13?
12
Suppose -9*p = -14*p + 50. Suppose -3*s - 3*q = -4*q - 111, 5*q = s - 37. What is the remainder when s is divided by p?
7
Let i = -55 - -103. What is the remainder when (i/20)/(1/5) is divided by 7?
5
Calculate the remainder when (-2 + 3)*64 - 5 is divided by 10.
9
Suppose -3*o + 26 = -4*s - 0, 2*s = -o + 12. What is the remainder when 37 is divided by o?
7
Suppose -15*z + 22*z = 1337. Calculate the remainder when z is divided by 64.
63
Suppose 3 + 0 = l. Suppose -75 = -l*v - 3. What is the remainder when v is divided by 13?
11
Suppose -4*t + 3*w + 8 = -5*t, -4*w - 55 = -5*t. Calculate the rema